4)/(-5))*(-120)/(-16). Let i(t) = 72*t + 26. Let w(n) = 108*n + 39. Let r(h) = 7*i(h) - 5*w(h). Is r(q) composite?
True
Let j = 241 + -241. Suppose j = 5*m - 14*m + 11034. Is m a prime number?
False
Let q(n) = 13*n - 2. Suppose -31 = -2*m - x, -5*x + 10*x = -4*m + 77. Suppose 5*t - 12 = -4*k, 3*k + 4 - m = t. Is q(k) composite?
False
Suppose -6*x + 3 + 63 = 0. Let a = -7 + x. Suppose -a*h + 2219 + 33 = 0. Is h a prime number?
True
Let o = -879 - -791. Is (1324 - 0)*(o/32 + 4) composite?
True
Suppose 21*y - 159729 - 1085919 = 510897. Is y prime?
False
Let m be ((14 - 5) + -2)*338568/(-28). Is m/9*3*1/(-2) prime?
True
Suppose -6*y = -2*y - 2*c - 66, -2*c - 80 = -5*y. Suppose -5*n - y + 24 = 0. Is (4/(-8))/(n/(-3172)) prime?
False
Let c(i) = 7*i**2 + i. Let m be c(1). Let t = 17320 - 9179. Suppose o - m*o = -t. Is o a composite number?
False
Is 9/(-15) + ((-3520041)/(-35) - -11) + -6 a composite number?
True
Suppose -3*y = -107 + 89. Suppose 25*i = y*i + 36689. Is i a prime number?
True
Suppose -5*y + 7*y = 12. Let u be ((-1)/2)/((1/(-1))/y). Suppose 3*p - 377 = -2*q + 3*q, u*p - 373 = 2*q. Is p a prime number?
True
Let o(r) = 6*r**2 + 28*r + 29. Let w(y) = -y**2 + 2*y - 7. Let d be w(2). Is o(d) prime?
True
Let m be 13333/(-10) - (-45)/150. Let o be 1 - 2 - (3 + 274). Let v = o - m. Is v a composite number?
True
Let u(a) = -193*a**3 + 6*a**2 + 8*a + 7. Let b be u(-3). Suppose -4*i + b = -8*i. Let g = 2631 + i. Is g composite?
False
Let b = 23 + -20. Suppose 0 = 4*j + 2*i - 23666, -5*j - 4*i = -b*j - 11818. Suppose j = 4*h - 4397. Is h prime?
True
Let k be 21/56 - (-57268)/32. Let f = -259 + k. Is f prime?
True
Let o = 790 + -1676. Let m = 1293 - o. Is m prime?
True
Let f(i) = -1256*i**3 - 10*i**2 - 10*i. Let w be f(-4). Suppose -9*n = -n - w. Is n composite?
True
Let f(t) = -20*t**3 - 90*t**2 + 3*t - 381. Is f(-34) a composite number?
False
Is ((-572)/(-88) - (-14)/(-4)) + 106412 + 0 prime?
False
Is (2832/(-84))/(30/(-3633)) + 4/20 a composite number?
True
Let g(b) = -3*b**3 - 2*b**2 - 2*b + 7. Let v be g(-6). Suppose -2*h + 522 = -4*l, 4*h = 2*l + v + 473. Is (0 + h)/(9/27) a composite number?
True
Suppose 3*f + 4 = -2. Let o(t) = 275*t**3 - 6*t**2 - 8*t + 11. Let l(q) = -92*q**3 + 2*q**2 + 3*q - 4. Let k(d) = -8*l(d) - 3*o(d). Is k(f) prime?
True
Let h(b) = 81*b**2 - b + 6. Let v be h(2). Suppose -5*r = -0*r - 17425. Suppose -r = -7*z - v. Is z composite?
True
Let k(f) = 58*f**3 - 3*f**2 - 2*f - 20. Let l be k(4). Let n = l - 2317. Is n a prime number?
True
Suppose -38*m - 7510 = -42964. Let r = 5410 + m. Is r a composite number?
False
Suppose -116*t + 124*t = 32. Suppose -t*c = -2*a + 5538, 4*c - 3014 = -3*a + 5253. Is a composite?
True
Is (1 + -1 + -4)/(93/((-459041490)/120)) a prime number?
True
Suppose -j = -r - 7431, 3*j + 4*r - 32259 = -9987. Let p = j - -3403. Is p prime?
True
Let h be (-5 - -1927)/(1/2). Suppose -3*l = 5*v - h - 2630, 4*v = 4*l - 8600. Is l composite?
False
Let o be 66/99*(2 - -1). Suppose -v = o*h - 3625, -800 = -3*h - v + 4636. Is h composite?
False
Let j(k) = -12*k**3 - 12*k**2 + 2*k + 14. Let y be j(-7). Let w = 37447 - -7017. Suppose -8*h = -y - w. Is h composite?
True
Let o(v) = 5144*v**2 - 58*v + 127. Is o(12) prime?
False
Let t = 157725 + 2756. Is t prime?
True
Let w = 238384 - 135051. Is w a prime number?
True
Let z(f) = -67590*f + 6907. Is z(-6) a composite number?
True
Let a(y) = 2*y**3 - 7*y + 2. Let w be a(2). Suppose -t - 8934 = -5*x + 8518, -w*t = -5*x + 17443. Is x composite?
False
Suppose 117*d - 3532287 = -202*d. Is d a prime number?
False
Is (-14)/(-35) + (-542908)/(-40)*58 a prime number?
True
Suppose -2*o + 13000 + 27537 = -t, -t = -4*o + 81069. Is o prime?
False
Let l(k) = 318*k**3 + 6*k**2 - 6*k + 7. Let n(f) = f**2 + 8*f + 14. Let i be n(-6). Is l(i) prime?
False
Let i(n) = -n - 4. Let g be i(-5). Is ((-7)/1 + g)*(-162696)/144 prime?
True
Suppose -54*n = -58*n + 2024948. Suppose -71579 + n = 42*q. Is q a composite number?
True
Is (77 - 83) + (19923 - (-7 - -5)) a composite number?
False
Suppose -x - 4*m - 16 = -0*x, 2*x + 4*m = -12. Suppose 2*j - 154 = -v, -317 = -x*v + 2*j + 289. Suppose 2*c - 70 = v. Is c a composite number?
True
Let w = 26 - 6. Suppose -2*o = 6 - w. Suppose -k = -o*k + 1572. Is k prime?
False
Suppose -4*o + 422 + 2654 = 0. Is o*2 + (-9 + 12 - -2) a composite number?
False
Let j(t) = 2*t**3 - 6*t**2 + 62*t - 195. Is j(23) prime?
True
Suppose 3*o = -4*n + 4286872 - 1782231, -2*o + 14 = 0. Is n a composite number?
True
Let l(i) = -5*i**3 + 6*i**2 - 14*i + 22. Suppose 0 = 5*c + 4*u - 0 + 31, 4*c + 30 = 2*u. Is l(c) a composite number?
False
Let g(y) = -289*y + 22. Suppose -q - 10*v = -14*v + 7, -q - v - 2 = 0. Is g(q) prime?
False
Suppose 0*j = -14*j + 686. Suppose 0 = -45*g + j*g - 40388. Is g composite?
True
Let l(a) = 98*a**3 + 2*a**2 + a - 4. Let d be l(2). Suppose -2*j = 3*y - 596, -y = -5*y - 5*j + d. Let f = y - -65. Is f a prime number?
False
Let f = 3261159 - 2037020. Is f prime?
False
Is (-18)/12 + (-1071250)/(-20) a prime number?
False
Suppose 5835050 = 7*z + 1709019. Is z a composite number?
True
Let z be (14/21)/(2/10053). Is (z/(-15))/((-5)/25) a composite number?
False
Suppose 2*m + 28152 = 8*m. Let f = m - 3035. Is f composite?
False
Let y be (-68)/2*(-2 + 0). Suppose y*i - 58*i - 2930 = 0. Is i composite?
False
Let h(u) = -3*u**3 - 5*u**2 - u + 4. Let s be h(-5). Suppose s = -3*y - 155. Let o = y + 811. Is o a composite number?
False
Suppose 70*w = -25141 - 130210 + 13601. Let x = -1095 + 469. Let h = x - w. Is h a composite number?
False
Suppose 4*h = 30150 + 13006. Suppose 3*p - 3*d = 6986 + h, d + 4 = 0. Is p a composite number?
True
Suppose 63*g - 77 - 1 = 48. Let s(u) = -60*u. Let f be s(-3). Suppose -g*j + f = -142. Is j composite?
True
Let h = -20 + 20. Let s = h - -3. Let i(m) = 53*m**3 + 3*m**2 + 5*m - 2. Is i(s) a composite number?
False
Suppose 7*o - 2 = 6*o. Suppose -1273 = -5*d + 3*f + 1136, -4*f - 972 = -o*d. Let a = -143 + d. Is a composite?
False
Suppose 5*y + w - 295 = 0, -8*y + 4*y - w = -237. Is 22/8*106024/y a prime number?
False
Let w be (-1)/2*-2*4. Suppose w*p - 8 - 16 = 0. Is (1418/4)/(3/p) prime?
True
Let f(w) = 299*w - 3. Let d be f(5). Let u = -6 + d. Suppose k + 757 = 2*k + o, -5*o - u = -2*k. Is k prime?
False
Let d(b) = 8*b - 61. Let l be d(8). Suppose -3272 = -l*o - o. Is o prime?
False
Let b(f) = -3*f + 47. Let c be b(15). Is 1/((-3)/(-2))*15297/c composite?
False
Let w(l) = 1459*l**2 - 4*l + 39. Is w(-4) composite?
False
Is (5/25)/((-39)/(-55908255)) a prime number?
False
Let f = -15 - -19. Let k(b) = -816*b - 10. Let j be k(f). Let m = j + 4641. Is m composite?
False
Let o = -48971 - -84070. Is o prime?
True
Let n = -8120 - -11763. Is n composite?
False
Suppose -5*l - 4*p + 20 = 7, 4*l = -2*p + 8. Let a(f) = 1007*f**2 + f + 1. Is a(l) a prime number?
True
Let s = 23061 + 3412. Is s a prime number?
False
Let l = 5196 + 12417. Let u = -2600 + l. Is u a composite number?
False
Suppose 0 = -6*h + h - 3*y - 12, 2*h - 12 = 3*y. Suppose h = 3*l - 3000 - 2271. Is l a composite number?
True
Suppose 0 = -3*c - 15, 5*g - 81226 - 556024 = 3*c. Is g composite?
False
Let h be ((-32)/(-20))/((-10)/25). Let y be h/(-14) + (-5)/((-35)/2504). Let n = y - 200. Is n prime?
False
Let h(a) = 2*a + 4. Let f(g) = -g. Let t(v) = 6*f(v) - 2*h(v). Let m be t(-7). Let y = m - 19. Is y prime?
True
Let o(h) = 6292*h - 3. Let m be o(1). Suppose -3*c = 5*d - m, -6*d = -d - 3*c - 6301. Is d prime?
True
Suppose 9454 = 4*g - 2*g. Suppose 2*j + 4*j - 53322 = 0. Suppose -5*n + 4148 + g = 5*c, -5*n = -c - j. Is n a prime number?
True
Let x = 9 - 31. Let t(j) = -4 - 4*j - 8 - 9 - 30. Is t(x) a prime number?
True
Let y be (-2)/(-2) + (3 - (2 + 2)). Suppose y = -3*m + 6*m - 6. Suppose -b + 4203 = w, -m*w = 3*b - 3460 - 4942. Is w composite?
True
Suppose 0 = 11*n - 14 - 19. Suppose 376 = 4*a - 4*l, 0 = n*l + 2*l - 5. Is a composite?
True
Suppose 4*r = -3*z + 35, 0*r + 5 = 5*z - 4*r. Suppose 8545 = -z*b + 2840. Let m = b + 1992. Is m composite?
True
Let o(d) = d**2 + 9*d + 17. Let k be o(-7). Suppose 3*j - 9060 = -2*y + 2316, 2*j - y - 7591 = 0. Suppose 4*m = -k*m + j. Is m prime?
False
Let p(g) = 2606*g**3 - 26*g + 26. Is p(1) a prime number?
False
Let t = 48 + -46.